{"id":41,"date":"2020-03-30T11:20:06","date_gmt":"2020-03-30T09:20:06","guid":{"rendered":"http:\/\/web68521.greatnet-hosting.de\/?page_id=41"},"modified":"2020-05-16T08:08:07","modified_gmt":"2020-05-16T06:08:07","slug":"home","status":"publish","type":"page","link":"https:\/\/franksdrechselarbeiten.de\/","title":{"rendered":"Home"},"content":{"rendered":"\n<p class=\"has-text-align-center has-large-font-size\"><span style=\"text-decoration: underline;\">Willkommen auf meiner Website.<\/span><\/p>\n\n\n\n<p style=\"font-size:22px\" class=\"has-text-align-center\">St\u00f6bern Sie gerne durch meine Objekt-Galerie.<\/p>\n\n\n\n<p style=\"font-size:22px\" class=\"has-text-align-center\">Dort finden Sie viele tolle, handwerkliche Produkte aus dem Bereich des Drechselns:<\/p>\n\n\n\n<p style=\"font-size:22px\" class=\"has-text-align-center\">Pfefferm\u00fchlen, Teelichte, Kugelschreiber, Schalen,  Schmuck, Gebrauchsgegenst\u00e4nde,  Dekoartikel&#8230;<\/p>\n\n\n\n<p style=\"font-size:22px\" class=\"has-text-align-center\">Alle Werke sind von mir auf meiner gro\u00dfen Drechselbank in meiner Werkstatt handgefertigt. Wenn Sie Fragen zu meinen Objekten oder Interesse daran haben, melden Sie sich einfach unter Angabe der Artikelnummern bei mir\u2026<\/p>\n","protected":false},"excerpt":{"rendered":"<p>Willkommen auf meiner Website. St\u00f6bern Sie gerne durch meine Objekt-Galerie. Dort finden Sie viele tolle, handwerkliche Produkte aus dem Bereich des Drechselns: Pfefferm\u00fchlen, Teelichte, Kugelschreiber, Schalen, Schmuck, Gebrauchsgegenst\u00e4nde, Dekoartikel&#8230; Alle Werke sind von mir auf meiner gro\u00dfen Drechselbank in meiner Werkstatt handgefertigt. Wenn Sie Fragen zu meinen Objekten oder Interesse daran haben, melden Sie sich [&hellip;]<\/p>\n","protected":false},"author":1,"featured_media":0,"parent":0,"menu_order":1,"comment_status":"closed","ping_status":"closed","template":"","meta":{"footnotes":""},"jetpack_sharing_enabled":true,"_links":{"self":[{"href":"https:\/\/franksdrechselarbeiten.de\/index.php?rest_route=\/wp\/v2\/pages\/41"}],"collection":[{"href":"https:\/\/franksdrechselarbeiten.de\/index.php?rest_route=\/wp\/v2\/pages"}],"about":[{"href":"https:\/\/franksdrechselarbeiten.de\/index.php?rest_route=\/wp\/v2\/types\/page"}],"author":[{"embeddable":true,"href":"https:\/\/franksdrechselarbeiten.de\/index.php?rest_route=\/wp\/v2\/users\/1"}],"replies":[{"embeddable":true,"href":"https:\/\/franksdrechselarbeiten.de\/index.php?rest_route=%2Fwp%2Fv2%2Fcomments&post=41"}],"version-history":[{"count":19,"href":"https:\/\/franksdrechselarbeiten.de\/index.php?rest_route=\/wp\/v2\/pages\/41\/revisions"}],"predecessor-version":[{"id":732,"href":"https:\/\/franksdrechselarbeiten.de\/index.php?rest_route=\/wp\/v2\/pages\/41\/revisions\/732"}],"wp:attachment":[{"href":"https:\/\/franksdrechselarbeiten.de\/index.php?rest_route=%2Fwp%2Fv2%2Fmedia&parent=41"}],"curies":[{"name":"wp","href":"https:\/\/api.w.org\/{rel}","templated":true}]}}