{"id":488,"date":"2020-05-07T07:32:06","date_gmt":"2020-05-07T05:32:06","guid":{"rendered":"https:\/\/franksdrechselarbeiten.de\/?post_type=product&#038;p=488"},"modified":"2020-05-07T07:32:07","modified_gmt":"2020-05-07T05:32:07","slug":"oel-lampe-kirsche-2","status":"publish","type":"product","link":"https:\/\/franksdrechselarbeiten.de\/?product=oel-lampe-kirsche-2","title":{"rendered":"\u00d6l-Lampe <br> Kirsche"},"content":{"rendered":"<p>Kirsche<br \/>\nElegante, formsch\u00f6ne \u00d6l-Lampe.<br \/>\nEin Blickfang der z.B. bei einem Wein im Garten f\u00fcr die richtige Stimmung sorgt.<br \/>\nZur Benutzung mit einfachem Lampen\u00f6l.<br \/>\nDer herausnehmbare Edelstahl-Einsatz l\u00e4sst sich aufschrauben um den Docht zu ver\u00e4ndern und das \u00d6l einzuf\u00fcllen.<br \/>\nDie Kappe dient bei Nichtgebrauch dem Schutz des Dochtes und verhindert, dass das Lampen\u00f6l verfliegt. Zeitgleich kann diese zum L\u00f6schen der Flamme benutzt werden.<\/p>\n<p>3fach mit lebensmittelechtem Hartwachs\u00f6l ge\u00f6lt und mit Wachs auf Hochglanz poliert.<\/p>\n<p>Durchmesser: 14,5 cm<br \/>\nH\u00f6he: 16 cm<\/p>\n<p>Bei Interesse schreiben Sie mir mit Angabe der Artikelnummer eine Mail an <a href=\"mailto:info@franksdrechselarbeiten.de\">info@franksdrechselarbeiten.de<\/a> .<\/p>\n<p>&nbsp;<\/p>\n<p>&nbsp;<\/p>\n","protected":false},"excerpt":{"rendered":"<p>Kirsche Elegante, formsch\u00f6ne \u00d6l-Lampe. Ein Blickfang der z.B. bei einem Wein im Garten f\u00fcr die richtige Stimmung sorgt. Zur Benutzung mit einfachem Lampen\u00f6l. Der herausnehmbare Edelstahl-Einsatz l\u00e4sst sich aufschrauben um den Docht zu ver\u00e4ndern und das \u00d6l einzuf\u00fcllen. Die Kappe dient bei Nichtgebrauch dem Schutz des Dochtes und verhindert, dass das Lampen\u00f6l verfliegt. Zeitgleich kann [&hellip;]<\/p>\n","protected":false},"featured_media":473,"template":"","meta":[],"product_cat":[32],"product_tag":[],"jetpack_sharing_enabled":true,"_links":{"self":[{"href":"https:\/\/franksdrechselarbeiten.de\/index.php?rest_route=\/wp\/v2\/product\/488"}],"collection":[{"href":"https:\/\/franksdrechselarbeiten.de\/index.php?rest_route=\/wp\/v2\/product"}],"about":[{"href":"https:\/\/franksdrechselarbeiten.de\/index.php?rest_route=\/wp\/v2\/types\/product"}],"wp:featuredmedia":[{"embeddable":true,"href":"https:\/\/franksdrechselarbeiten.de\/index.php?rest_route=\/wp\/v2\/media\/473"}],"wp:attachment":[{"href":"https:\/\/franksdrechselarbeiten.de\/index.php?rest_route=%2Fwp%2Fv2%2Fmedia&parent=488"}],"wp:term":[{"taxonomy":"product_cat","embeddable":true,"href":"https:\/\/franksdrechselarbeiten.de\/index.php?rest_route=%2Fwp%2Fv2%2Fproduct_cat&post=488"},{"taxonomy":"product_tag","embeddable":true,"href":"https:\/\/franksdrechselarbeiten.de\/index.php?rest_route=%2Fwp%2Fv2%2Fproduct_tag&post=488"}],"curies":[{"name":"wp","href":"https:\/\/api.w.org\/{rel}","templated":true}]}}